{"id":594,"date":"2016-04-24T10:53:15","date_gmt":"2016-04-24T08:53:15","guid":{"rendered":"http:\/\/boeswirths-bauernmarkt.de\/home\/?page_id=594"},"modified":"2025-04-02T11:42:51","modified_gmt":"2025-04-02T09:42:51","slug":"impressum","status":"publish","type":"page","link":"https:\/\/boeswirths-bauernmarkt.de\/home\/impressum\/","title":{"rendered":"Impressum"},"content":{"rendered":"<h3>Anbieterkennzeichnung:<\/h3>\n<h4><strong>Pflichtangaben gem\u00e4\u00df Teledienstgesetz (TDG) oder Mediendienste-Staatsvertrag (MDStV)<\/strong><\/h4>\n<p>Rosmarie B\u00f6swirth<br \/>\nM\u00fcnchner Str. 11a<br \/>\n85247 Schwabhausen<\/p>\n<p>Telefon: +49 (0) 151-53331995<br \/>\nE-Mail: boeswirth@freenet.de<\/p>\n<p><strong>Vertreten durch:<\/strong><br \/>\nFr. Rosmarie B\u00f6swirth<\/p>\n<p>Handelsregisternummer:<\/p>\n<p>USt-IdNr.: DE815619163<\/p>\n<p><strong>Angaben zur Berufshaftpflichtversicherung:<\/strong><br \/>\nVersicherungskammer Bayern<br \/>\nVersicherungsanstalt des \u00f6ffentlichen Rechts<br \/>\nMaximilianstra\u00dfe 53<br \/>\n80530 M\u00fcnchen<\/p>\n<p>Geltungsraum der Versicherung:<br \/>\nDeutschland<\/p>\n<h4>Haftung (Disclaimer):<\/h4>\n<p><strong>Verbraucherstreitbeilegung\/Universalschlichtungsstelle<\/strong><br \/>\nWir sind nicht bereit oder verpflichtet, an Streitbeilegungsverfahren vor einer<br \/>\nVerbraucherschlichtungsstelle teilzunehmen.<\/p>\n<p><strong>Haftungsausschluss<\/strong><br \/>\nAlle in unseren Internetseiten enthaltenen Angaben und Informationen wurden sorgf\u00e4ltig recherchiert und gepr\u00fcft. Alle Angaben erfolgen aber dennoch ohne Gew\u00e4hr. Druckfehler und Irrt\u00fcmer vorbehalten. Wir behalten uns ausdr\u00fccklich das Recht vor, jederzeit und ohne Vorank\u00fcndigungen \u00c4nderungen, Erg\u00e4nzungen oder L\u00f6schungen der bereitgestellten Informationen oder Links vorzunehmen. Unser Angebot ist freibleibend. F\u00fcr Richtigkeit, Vollst\u00e4ndigkeit und Aktualit\u00e4t, insbesondere f\u00fcr Zahlenangaben, Termine, Fristen oder Namen, wird keine Haftung \u00fcbernommen.<br \/>\nDies gilt auch f\u00fcr alle Verbindungen (\u201eLinks\u201c), auf die diese Web-Site direkt oder indirekt verweist. F\u00fcr alle diese Links gilt: Wir m\u00f6chten ausdr\u00fccklich betonen, dass wir keinerlei Einfluss auf die Gestaltung und die Inhalte der von uns gelinkten Seiten haben.<br \/>\nDeshalb distanzieren wir uns hiermit ausdr\u00fccklich von allen Inhalten aller gelinkten Seiten auf unserer Homepage und machen uns ihre Inhalte nicht zu eigen. Wir \u00fcbernehmen keinerlei Haftung f\u00fcr die Inhalte der Seiten, auf die von unseren eigenen Internetseiten aus verwiesen wird. Des weiteren k\u00f6nnen unsere Internetseiten ohne unser Wissen von einer anderen Seite verlinkt worden sein. Wir \u00fcbernehmen keine Verantwortung f\u00fcr die Inhalte dieser verlinkenden Internetseiten Dritter.<br \/>\nDies gilt auch f\u00fcr alle Dateien aus den Webseiten dieser Homepage oder Homepages Dritter, die per Download verf\u00fcgbar sind. Anspr\u00fcche aus m\u00f6glichen Softwaresch\u00e4den durch Download \u2013 Dateien oder Computerviren k\u00f6nnen nicht abgeleitet werden.<\/p>\n<p><strong>Datenschutzerkl\u00e4rung<\/strong><br \/>\nEinleitung und allgemeine Angaben<br \/>\nVielen Dank f\u00fcr Ihr Interesse an unserer Website. Der Schutz Ihrer personenbezogenen Daten ist uns ein sehr wichtiges Anliegen. Im Folgenden finden Sie Informationen zum Umgang mit Ihren Daten, die durch Ihre Nutzung unserer Website erfasst werden. Die Verarbeitung Ihrer Daten erfolgt entsprechend den gesetzlichen Regelungen zum Datenschutz.<br \/>\nVerantwortliche Stelle im Sinne des Datenschutzrechts<br \/>\nB\u00f6swirth\u00b4s Bauernmarkt<br \/>\nM\u00fcnchner Str. 11a<br \/>\n85247 Schwabhausen<br \/>\nUSt-IdNr. DE815619163<\/p>\n<p><strong>Begriffsbestimmungen<\/strong><br \/>\nUnsere Datenschutzerkl\u00e4rung soll f\u00fcr jedermann einfach und verst\u00e4ndlich sein. In dieser Datenschutzerkl\u00e4rung werden in der Regel die offiziellen Begriffe der Datenschutzgrundverordnung (DSGVO) verwendet. Die offiziellen Begriffsbestimmungen werden in Art. 4 DSGVO erl\u00e4utert.<br \/>\n\u2022 Datenverarbeitung durch den Besuch unserer Website<br \/>\nWenn Sie unsere Webseiten aufrufen, ist es technisch notwendig, dass \u00fcber Ihren Internetbrowser Daten an unseren Webserver \u00fcbermittelt werden. Folgende Daten werden w\u00e4hrend einer laufenden Verbindung zur Kommunikation zwischen Ihrem Internetbrowser und unserem Webserver aufgezeichnet:<br \/>\n\u2022 Datum und Uhrzeit der Anforderung<br \/>\n\u2022 Name der angeforderten Datei<br \/>\n\u2022 Seite, von der aus die Datei angefordert wurde<br \/>\n\u2022 Zugriffsstatus<br \/>\n\u2022 Verwendeter Webbrowser und verwendetes Betriebssystem<br \/>\n\u2022 (Vollst\u00e4ndige) IP-Adresse des anfordernden Rechners<br \/>\n\u2022 \u00dcbertragene Datenmenge<br \/>\nDie aufgelisteten Daten erheben wir, um einen reibungslosen Verbindungsaufbau der Website zu gew\u00e4hrleisten und eine komfortable Nutzung unserer Website durch die Nutzer zu erm\u00f6glichen. Zudem dient die Logdatei der Auswertung der Systemsicherheit und -stabilit\u00e4t sowie administrativen Zwecken. Rechtsgrundlage f\u00fcr die vor\u00fcbergehende Speicherung der Daten bzw. der Logfiles ist Art. 6 Abs. 1 lit. f DSGVO.<\/p>\n<p><strong>Google Analytics<\/strong><br \/>\nUnsere Website benutzt Google Analytics, einen Webanalysedienst der Google Inc. (\u201eGoogle\u201c). Google Analytics verwendet sogenannte Cookies. Das sind Textdateien, die auf Ihrem Computer gespeichert werden und die eine Analyse der Benutzung der Website durch Sie erm\u00f6glichen. Die durch das Cookie erzeugten Informationen \u00fcber Ihre Benutzung dieser Website werden in der Regel an einen Server von Google in den USA \u00fcbertragen und dort gespeichert. Wir setzen Google Analytics nur mit aktivierter IP-Anonymisierung ein. Das bedeutet, die IP-Adresse der Nutzer wird von Google innerhalb von Mitgliedstaaten der Europ\u00e4ischen Union oder in anderen Vertragsstaaten des Abkommens \u00fcber den Europ\u00e4ischen Wirtschaftsraum gek\u00fcrzt, wodurch eine Personenbeziehbarkeit ausgeschlossen werden kann. Google Inc. mit Sitz in den USA ist f\u00fcr das US-europ\u00e4ische Datenschutz\u00fcbereinkommen \u201ePrivacy Shield\u201c zertifiziert, welches die Einhaltung des in der EU geltenden Datenschutzniveaus gew\u00e4hrleistet.<br \/>\nDie Verarbeitung erfolgt gem\u00e4\u00df Art. 6 Abs. 1 lit. f DSGVO bzw. \u00a7 15 Abs. 3 TMG auf Grundlage unseres berechtigten Interesses an der statistischen Analyse des Nutzerverhaltens zu Optimierungs- und Marketingzwecken.<br \/>\nIm Auftrag des Betreibers dieser Website wird Google diese Informationen benutzen, um Ihre Nutzung der Website auszuwerten, um Reports \u00fcber die Websiteaktivit\u00e4ten zusammenzustellen und um weitere mit der Websitenutzung und der Internetnutzung verbundene Dienstleistungen gegen\u00fcber dem Websitebetreiber zu erbringen. Die im Rahmen von Google Analytics von Ihrem Browser \u00fcbermittelte IP-Adresse wird nicht mit anderen Daten von Google zusammengef\u00fchrt. Die Nutzungsbedingungen von Google Analytics und Informationen zum Datenschutz k\u00f6nnen \u00fcber die folgenden Links abgerufen werden: http:\/\/www.google.com\/analytics\/terms\/de.html sowie unter https:\/\/www.google.de\/intl\/de\/policies\/. Sie k\u00f6nnen die Speicherung der Cookies durch eine entsprechende Einstellung Ihrer Browser-Software verhindern; wir weisen Sie jedoch darauf hin, dass Sie in diesem Fall gegebenenfalls nicht s\u00e4mtliche Funktionen dieser Website vollumf\u00e4nglich nutzen k\u00f6nnen. Sie k\u00f6nnen dar\u00fcber hinaus die Erfassung der durch das Cookie erzeugten und auf Ihre Nutzung der Website bezogenen Daten (inkl. Ihrer IP-Adresse) an Google sowie die Verarbeitung dieser Daten durch Google verhindern, indem Sie das unter der URL https:\/\/tools.google.com\/dlpage\/gaoptout?hl=de verf\u00fcgbare Browser-Plug-in herunterladen und installieren. Ein Klick auf folgenden Link verhindert die Erfassung durch Google Analytics, indem ein sogenanntes Opt-out-Cookie gesetzt wird: Deaktivierung von Google Analytics<br \/>\nInformationen zum Umgang mit Nutzerdaten bei Google Analytics finden Sie in der Datenschutzerkl\u00e4rung von Google: https:\/\/support.google.com\/analytics\/answer\/6004245?hl=de<\/p>\n<p><strong>Google Maps<\/strong><br \/>\nUnsere Homepage nutzt \u00fcber eine Schnittstelle den Online-Kartendienstanbieter Google Maps. Anbieter des Kartendienstes ist Google Inc., 1600 Amphitheatre Parkway, Mountain View, CA 94043, USA. Zur Nutzung der Funktionalit\u00e4ten von Google Maps ist es notwendig, Ihre IP Adresse zu speichern. Diese Informationen werden an einen Server von Google in den USA \u00fcbertragen und dort gespeichert. Der Anbieter dieser Seite hat keinen Einfluss auf diese Daten\u00fcbertragung. Die Nutzung des Kartendienstes Google Maps erfolgt im Interesse einer ansprechenden Darstellung unseres Online-Angebots und an der einfacheren Auffindbarkeit der von uns auf der Website angef\u00fchrten Adressen. Dies stellt ein berechtigtes Interesse im Sinne von Art. 6 Abs. 1 lit. f DSGVO dar. Weitere Informationen zum Umgang mit Nutzerdaten finden Sie in der Datenschutzerkl\u00e4rung von Google: https:\/\/www.google.de\/intl\/de\/policies\/privacy\/.<br \/>\nOpt-out: https:\/\/www.google.com\/settings\/ads\/<\/p>\n<p><strong>Cookies<\/strong><br \/>\nUnsere Website setzt Cookies ein, die vom Browser auf Ihrem Ger\u00e4t gespeichert werden und die bestimmte Einstellungen zur Nutzung der Website enthalten (z. B. zur laufende Sitzung). Cookies dienen dazu, unser Angebot nutzerfreundlicher, effektiver und sicherer zu machen. Cookies sind kleine Textdateien, die auf Ihrem Rechner abgelegt werden und die Ihr Browser speichert. Die meisten der von uns verwendeten Cookies sind so genannte Session-Cookies, welche nach dem Schlie\u00dfen des Browsers automatisch gel\u00f6scht werden. Andere Cookies bleiben auf Ihrem Endger\u00e4t gespeichert, bis Sie diese l\u00f6schen oder die Speicherdauer abl\u00e4uft. Diese Cookies erm\u00f6glichen es uns, Ihren Browser beim n\u00e4chsten Besuch wiederzuerkennen.<br \/>\nTeilweise dienen die Cookies dazu, durch Speicherung von Einstellungen Websiteprozesse zu vereinfachen (z. B. das Vorhalten bereits ausgew\u00e4hlter Optionen). Sofern durch einzelne von uns implementierte Cookies auch personenbezogene Daten verarbeitet werden, erfolgt die Verarbeitung gem\u00e4\u00df Art. 6 Abs. 1 lit. b DSGVO entweder zur Durchf\u00fchrung des Vertrages oder gem\u00e4\u00df Art. 6 Abs. 1 lit. f DSGVO zur Wahrung unserer berechtigten Interessen an der bestm\u00f6glichen Funktionalit\u00e4t der Website sowie einer kundenfreundlichen und effektiven Ausgestaltung des Seitenbesuchs. Sie k\u00f6nnen Ihren Browser so einstellen, dass Sie \u00fcber das Setzen von Cookies informiert werden und Cookies nur im Einzelfall erlauben, die Annahme von Cookies f\u00fcr bestimmte F\u00e4lle oder generell ausschlie\u00dfen sowie das automatische L\u00f6schen der Cookies beim Schlie\u00dfen des Browsers aktivieren. Die Cookie Einstellungen k\u00f6nnen unter den folgenden Links f\u00fcr die jeweiligen Browser verwaltet werden.<br \/>\n\u2022 Firefox: https:\/\/support.mozilla.org\/de\/kb\/cookies-erlauben-und-ablehnen<br \/>\n\u2022 Internet Explorer: http:\/\/windows.microsoft.com\/de-DE\/windows-vista\/Block-or-allow-cookies<br \/>\n\u2022 Chrome: http:\/\/support.google.com\/chrome\/bin\/answer.py?hl=de&amp;hlrm=en&amp;answer=95647<br \/>\n\u2022 Safari: https:\/\/support.apple.com\/kb\/ph21411?locale=de_DE<br \/>\n\u2022 Opera: https:\/\/help.opera.com\/en\/latest\/web-preferences\/#cookies<br \/>\nSie k\u00f6nnen auch die Cookies vieler Unternehmen und Funktionen einzeln verwalten, die f\u00fcr Werbung eingesetzt werden. Verwenden Sie dazu die entsprechenden Nutzertools, abrufbar unter https:\/\/www.aboutads.info\/choices\/ oder http:\/\/www.youronlinechoices.com\/uk\/your-ad-choices Die meisten Browser bieten zudem eine sog. \u201eDo-Not-Track-Funktion\u201c an, mit der Sie angeben k\u00f6nnen, dass Sie nicht von Websites \u201everfolgt\u201c werden m\u00f6chten. Wenn diese Funktion aktiviert ist, teilt der jeweilige Browser Werbenetzwerken, Websites und Anwendungen mit, dass Sie nicht zwecks verhaltensbasierter Werbung und \u00c4hnlichem verfolgt werden m\u00f6chten. Informationen und Anleitungen, wie Sie diese Funktion bearbeiten k\u00f6nnen, erhalten Sie je nach Anbieter Ihres Browsers, unter den nachfolgenden Links:<br \/>\n\u2022 Google Chrome: https:\/\/support.google.com\/chrome\/answer\/2790761?co=GENIE.Platform%3DDesktop&amp;hl=de<br \/>\n\u2022 Mozilla Firefox: https:\/\/www.mozilla.org\/de\/firefox\/dnt\/<br \/>\n\u2022 Internet Explorer: https:\/\/support.microsoft.com\/de-de\/help\/17288\/windows-internet-explorer-11-use-do-not-track<br \/>\n\u2022 Opera: http:\/\/help.opera.com\/Windows\/12.10\/de\/notrack.html<br \/>\n\u2022 Safari: https:\/\/support.apple.com\/kb\/PH21416?locale=de_DE<br \/>\nZus\u00e4tzlich k\u00f6nnen Sie standardm\u00e4\u00dfig das Laden sog. Scripts verhindern. NoScript erlaubt das Ausf\u00fchren von JavaScripts, Java und anderen Plug-ins nur bei vertrauensw\u00fcrdigen Domains Ihrer Wahl. Informationen und Anleitungen, wie Sie diese Funktion bearbeiten k\u00f6nnen, erhalten Sie \u00fcber den Anbieter Ihres Browsers (z. B. f\u00fcr Mozilla Firefox unter: https:\/\/addons.mozilla.org\/de\/firefox\/addon\/noscript\/). Bitte beachten Sie, dass bei der Deaktivierung von Cookies die Funktionalit\u00e4t dieser Website eingeschr\u00e4nkt sein kann.<br \/>\n\u2022 Datenweitergabe und Empf\u00e4nger<br \/>\nEine \u00dcbermittlung Ihrer personenbezogenen Daten an Dritte findet nicht statt, au\u00dfer<br \/>\n\u2022 wenn wir in der Beschreibung der jeweiligen Datenverarbeitung explizit darauf hingewiesen haben.<br \/>\n\u2022 wenn Sie ausdr\u00fcckliche Einwilligung nach Art. 6 Abs. 1 S. 1 lit. a DSGVO dazu erteilt haben,<br \/>\n\u2022 die Weitergabe nach Art. 6 Abs. 1 S. 1 lit. f DSGVO zur Geltendmachung, Aus\u00fcbung oder Verteidigung von Rechtsanspr\u00fcchen erforderlich ist und kein Grund zur Annahme besteht, dass Sie ein \u00fcberwiegendes schutzw\u00fcrdiges Interesse an der Nichtweitergabe Ihrer Daten haben,<br \/>\n\u2022 im Falle, dass f\u00fcr die Weitergabe nach Art. 6 Abs. 1 S. 1 lit. c DSGVO eine gesetzliche Verpflichtung besteht und<br \/>\n\u2022 soweit dies nach Art. 6 Abs. 1 S. 1 lit. b DSGVO f\u00fcr die Abwicklung von Vertragsverh\u00e4ltnissen mit Ihnen erforderlich ist.<br \/>\nWir nutzen dar\u00fcber hinaus f\u00fcr die Abwicklung unserer Services externe Dienstleister, die wir sorgf\u00e4ltig ausgew\u00e4hlt und schriftlich beauftragt haben. Sie sind an unsere Weisungen gebunden und werden von uns regelm\u00e4\u00dfig kontrolliert. Mit welchen wir erforderlichenfalls Auftragsverarbeitungsvertr\u00e4ge gem. Art. 28 DSGVO geschlossen haben. Diese sind Dienstleister f\u00fcr das Webhosting, den Versand von E-Mails sowie Wartung und Pflege unserer IT-Systemen usw. Die Dienstleister werden diese Daten nicht an Dritte weitergeben.<\/p>\n<p><strong>Dauer der Speicherung personenbezogener Daten<\/strong><br \/>\nDie Dauer der Speicherung von personenbezogenen Daten bemisst sich an den einschl\u00e4gigen gesetzlichen Aufbewahrungsfristen (z. B. aus dem Handelsrecht und dem Steuerrecht). Nach Ablauf der jeweiligen Frist werden die entsprechenden Daten routinem\u00e4\u00dfig gel\u00f6scht. Sofern Daten zur Vertragserf\u00fcllung oder Vertragsanbahnung erforderlich sind oder unsererseits ein berechtigtes Interesse an der Weiterspeicherung besteht, werden die Daten gel\u00f6scht, wenn Sie zu diesen Zwecken nicht mehr erforderlich sind oder Sie von Ihrem Widerrufs- oder Widerspruchsrecht Gebrauch gemacht machen.<\/p>\n<p><strong>Ihre Rechte<\/strong><br \/>\nIm Folgenden finden Sie Informationen dazu, welche Betroffenenrechte das geltende Datenschutzrecht Ihnen gegen\u00fcber dem Verantwortlichen hinsichtlich der Verarbeitung Ihrer personenbezogenen Daten gew\u00e4hrt:<br \/>\nDas Recht, gem\u00e4\u00df Art. 15 DSGVO Auskunft \u00fcber Ihre von uns verarbeiteten personenbezogenen Daten zu verlangen.<br \/>\nInsbesondere k\u00f6nnen Sie Auskunft \u00fcber die Verarbeitungszwecke, die Kategorie der personenbezogenen Daten, die Kategorien von Empf\u00e4ngern, gegen\u00fcber denen Ihre Daten offengelegt wurden oder werden, die geplante Speicherdauer, das Bestehen eines Rechts auf Berichtigung, L\u00f6schung, Einschr\u00e4nkung der Verarbeitung oder Widerspruch, das Bestehen eines Beschwerderechts, die Herkunft ihrer Daten, sofern diese nicht bei uns erhoben wurden, sowie \u00fcber das Bestehen einer automatisierten Entscheidungsfindung einschlie\u00dflich Profiling und ggf. aussagekr\u00e4ftigen Informationen zu deren Einzelheiten verlangen.<br \/>\nDas Recht, gem\u00e4\u00df Art. 16 DSGVO unverz\u00fcglich die Berichtigung unrichtiger oder Vervollst\u00e4ndigung Ihrer bei uns gespeicherten personenbezogenen Daten zu verlangen.<br \/>\nDas Recht, gem\u00e4\u00df Art. 17 DSGVO die L\u00f6schung Ihrer bei uns gespeicherten personenbezogenen Daten zu verlangen, soweit nicht die Verarbeitung zur Aus\u00fcbung des Rechts auf freie Meinungs\u00e4u\u00dferung und Information, zur Erf\u00fcllung einer rechtlichen Verpflichtung, aus Gr\u00fcnden des \u00f6ffentlichen Interesses oder zur Geltendmachung, Aus\u00fcbung oder Verteidigung von Rechtsanspr\u00fcchen erforderlich ist.<br \/>\nDas Recht, gem\u00e4\u00df Art. 18 DSGVO die Einschr\u00e4nkung der Verarbeitung Ihrer personenbezogenen Daten zu verlangen, soweit die Richtigkeit der Daten von Ihnen bestritten wird, die Verarbeitung unrechtm\u00e4\u00dfig ist, Sie aber deren L\u00f6schung ablehnen und wir die Daten nicht mehr ben\u00f6tigen, Sie jedoch diese zur Geltendmachung, Aus\u00fcbung oder Verteidigung von Rechtsanspr\u00fcchen ben\u00f6tigen oder Sie gem\u00e4\u00df Art. 21 DSGVO Widerspruch gegen die Verarbeitung eingelegt haben.<br \/>\nDas Recht, gem\u00e4\u00df Art. 20 DSGVO Ihre personenbezogenen Daten, die Sie uns bereitgestellt haben, in einem strukturierten, g\u00e4ngigen und maschinenlesebaren Format zu erhalten oder die \u00dcbermittlung an einen anderen Verantwortlichen zu verlangen.<br \/>\nDas Recht, sich gem\u00e4\u00df Art. 77 DSGVO bei einer Aufsichtsbeh\u00f6rde zu beschweren. In der Regel k\u00f6nnen Sie sich hierf\u00fcr an die Aufsichtsbeh\u00f6rde des Bundeslandes unseres oben angegebenen Sitzes oder ggf. die Ihres \u00fcblichen Aufenthaltsortes oder Arbeitsplatzes wenden.<br \/>\nRecht auf Widerruf erteilter Einwilligungen gem\u00e4\u00df Art. 7 Abs. 3 DSGVO: Sie haben das Recht, eine einmal erteilte Einwilligung in die Verarbeitung von Daten jederzeit mit Wirkung f\u00fcr die Zukunft zu widerrufen. Im Falle des Widerrufs werden wir die betroffenen Daten unverz\u00fcglich l\u00f6schen, sofern eine weitere Verarbeitung nicht auf eine Rechtsgrundlage zur einwilligungslosen Verarbeitung gest\u00fctzt werden kann. Durch den Widerruf der Einwilligung wird die Rechtm\u00e4\u00dfigkeit der aufgrund der Einwilligung bis zum Widerruf erfolgten Verarbeitung nicht ber\u00fchrt.<\/p>\n<p><strong>Widerspruchsrecht<\/strong><br \/>\nSofern Ihre personenbezogenen Daten von uns auf Grundlage von berechtigten Interessen gem\u00e4\u00df Art. 6 Abs. 1 S. 1 lit. f DSGVO verarbeitet werden, haben Sie gem\u00e4\u00df Art. 21 DSGVO das Recht, Widerspruch gegen die Verarbeitung Ihrer personenbezogenen Daten einzulegen, soweit dies aus Gr\u00fcnde erfolgt, die sich aus Ihrer besonderen Situation ergeben. Soweit sich der Widerspruch gegen die Verarbeitung personenbezogener Daten zum Zwecke von Direktwerbung richtet, haben Sie ein generelles Widerspruchsrecht ohne das Erfordernis der Angabe einer besonderen Situation. M\u00f6chten Sie von Ihrem Widerrufs- oder Widerspruchsrecht Gebrauch machen, gen\u00fcgt eine E-Mail: boeswirth@freenet.de.<\/p>\n<p><strong>Externe Verlinkungen<\/strong><br \/>\nSoziale Netzwerke (Facebook, Twitter, Xing etc.) sind auf unserer Webseite lediglich als Link zu den entsprechenden Diensten eingebunden. Nach dem Anklicken des eingebundenen Text-\/Bild-Links werden Sie auf die Seite des jeweiligen Anbieters weitergeleitet. Erst nach der Weiterleitung werden Nutzerinformationen an den jeweiligen Anbieter \u00fcbertragen. Informationen zum Umgang mit Ihren personenbezogenen Daten bei Nutzung dieser Webseiten entnehmen Sie bitte den jeweiligen Datenschutzbestimmungen der von Ihnen genutzten Anbieter.<\/p>\n<p><strong>\u00c4nderungsvorbehalt<\/strong><br \/>\nWir behalten uns vor, diese Datenschutzerkl\u00e4rung erforderlichenfalls unter Beachtung der geltenden Datenschutzvorschriften anzupassen bzw. zu aktualisieren. Auf diese Weise k\u00f6nnen wir sie den aktuellen rechtlichen Anforderungen anpassen und \u00c4nderungen unserer Leistungen ber\u00fccksichtigen, z. B. bei der Einf\u00fchrung neuer Services. F\u00fcr Ihren Besuch gilt die jeweils aktuellste Fassung.<br \/>\nDiese Datenschutzerkl\u00e4rung wurde erstellt durch www.datenschutzexperte.de<\/p>\n<p>Das Logo wurde von Alexandra Reil, R\u00f6hrmoos, erstellt.<\/p>\n<p>Stand dieser Datenschutzerkl\u00e4rung: 05.04.2023<\/p>\n","protected":false},"excerpt":{"rendered":"<p>Anbieterkennzeichnung: Pflichtangaben gem\u00e4\u00df Teledienstgesetz (TDG) oder Mediendienste-Staatsvertrag (MDStV) Rosmarie B\u00f6swirth M\u00fcnchner Str. 11a 85247 Schwabhausen Telefon: +49 (0) 151-53331995 E-Mail: boeswirth@freenet.de Vertreten durch: Fr. Rosmarie B\u00f6swirth Handelsregisternummer: USt-IdNr.: DE815619163 Angaben zur Berufshaftpflichtversicherung: Versicherungskammer Bayern Versicherungsanstalt des \u00f6ffentlichen Rechts Maximilianstra\u00dfe 53 80530 M\u00fcnchen Geltungsraum der Versicherung: Deutschland Haftung (Disclaimer): Verbraucherstreitbeilegung\/Universalschlichtungsstelle Wir sind nicht bereit oder verpflichtet,&hellip;&nbsp;<a href=\"https:\/\/boeswirths-bauernmarkt.de\/home\/impressum\/\" class=\"\" rel=\"bookmark\">Weiterlesen &raquo;<span class=\"screen-reader-text\">Impressum<\/span><\/a><\/p>\n","protected":false},"author":2,"featured_media":0,"parent":0,"menu_order":0,"comment_status":"closed","ping_status":"closed","template":"","meta":{"neve_meta_sidebar":"","neve_meta_container":"","neve_meta_enable_content_width":"","neve_meta_content_width":0,"neve_meta_title_alignment":"","neve_meta_author_avatar":"","neve_post_elements_order":"","neve_meta_disable_header":"","neve_meta_disable_footer":"","neve_meta_disable_title":"","footnotes":""},"class_list":["post-594","page","type-page","status-publish","hentry"],"_links":{"self":[{"href":"https:\/\/boeswirths-bauernmarkt.de\/home\/wp-json\/wp\/v2\/pages\/594","targetHints":{"allow":["GET"]}}],"collection":[{"href":"https:\/\/boeswirths-bauernmarkt.de\/home\/wp-json\/wp\/v2\/pages"}],"about":[{"href":"https:\/\/boeswirths-bauernmarkt.de\/home\/wp-json\/wp\/v2\/types\/page"}],"author":[{"embeddable":true,"href":"https:\/\/boeswirths-bauernmarkt.de\/home\/wp-json\/wp\/v2\/users\/2"}],"replies":[{"embeddable":true,"href":"https:\/\/boeswirths-bauernmarkt.de\/home\/wp-json\/wp\/v2\/comments?post=594"}],"version-history":[{"count":10,"href":"https:\/\/boeswirths-bauernmarkt.de\/home\/wp-json\/wp\/v2\/pages\/594\/revisions"}],"predecessor-version":[{"id":1684,"href":"https:\/\/boeswirths-bauernmarkt.de\/home\/wp-json\/wp\/v2\/pages\/594\/revisions\/1684"}],"wp:attachment":[{"href":"https:\/\/boeswirths-bauernmarkt.de\/home\/wp-json\/wp\/v2\/media?parent=594"}],"curies":[{"name":"wp","href":"https:\/\/api.w.org\/{rel}","templated":true}]}}